 = 4*p - 4*h - 117. Suppose -2*j - 3*j + 65 = 0. Calculate the remainder when p is divided by j.
11
Let x = 327 - 324. What is the remainder when 68 is divided by x?
2
Let v(k) = 13*k**3 + k**2 + 3*k - 2. Let j be v(1). Suppose 149 + 196 = j*g. Calculate the remainder when 65 is divided by g.
19
Let i = -284 - -325. Suppose 2*c = -5*t - 13, -3*c - t + 16 = 3. What is the remainder when i is divided by c?
5
Suppose 4*d = -g - 2*g + 16, -5*d = -5. Calculate the remainder when g/2 + 318/3 is divided by 28.
24
Let s(u) be the third derivative of 0*u + 1/30*u**5 + 1/24*u**4 + 5/6*u**3 - 5*u**2 + 0. Calculate the remainder when s(6) is divided by 21.
20
Let c(x) = -10*x - 14. Let o(a) = -9*a - 15. Let s(b) = 2*c(b) - 3*o(b). What is the remainder when 48 is divided by s(0)?
14
Let d = -19 + 47. Suppose -2*j - 8 + d = 0. What is the remainder when 27 is divided by j?
7
Let a(q) = q**3 - 10*q**2 + 7. Let o be a(10). Suppose 0 = 2*s - i - o, 4*s - 24 = s - 3*i. What is the remainder when 19 is divided by s?
4
Let z = -41 - -119. Calculate the remainder when z is divided by (-96)/40*60/(-9).
14
Calculate the remainder when 141 is divided by ((-6)/5)/((-7)/((-1680)/(-36))).
5
Suppose q + 5 = 8. Suppose -5*w + 6*w - 598 = -q*b, 0 = -b + 2*w + 190. Let c = -134 + b. Calculate the remainder when c is divided by 22.
20
Let u(g) be the third derivative of g**4/8 - 5*g**3/2 + 5*g**2. Let b be u(10). Suppose -4*w - b = -75. What is the remainder when 57 is divided by w?
12
Let c(g) = -6*g - 3. Let o = 18 - 21. Let j(a) = -12*a - 5. Calculate the remainder when j(-5) is divided by c(o).
10
Let u = -1751 - -1014. Calculate the remainder when u/(-3) - ((-28)/21 - -2) is divided by 13.
11
Suppose -3*s - 9*f + 82 = -11*f, -5*f = 5*s - 170. What is the remainder when 142 is divided by s?
22
Let g = -3 - -5. Suppose -3*c + t = -109, g*c - 4*t - 64 - 22 = 0. What is the remainder when 103 is divided by c?
33
Suppose 2*q - 11 = -4*l + 101, 98 = 4*l - 5*q. What is the remainder when 484 is divided by l?
25
Suppose -r = -5*j - 3, -4*j = 3*r - 5*j - 51. Suppose -461 = -5*u + 4*l, 2*u + 0*u + 5*l - 158 = 0. What is the remainder when u is divided by r?
17
Suppose 0 = -3*j - 16 - 74. Calculate the remainder when 212 is divided by (-2)/(-6) + 5/(j/(-322)).
50
Suppose 23 + 91 = 3*o. Calculate the remainder when o is divided by 8.
6
Let q be 6/(-2)*(-12)/9. Let i = 19 + q. What is the remainder when 91 is divided by i?
22
Suppose 0 = 29*x - 43*x + 434. What is the remainder when x is divided by 16?
15
Calculate the remainder when 48 is divided by (-30)/6*5/(-5)*1.
3
Let b = -51 - -122. Suppose -83*t + 18 = -82*t. What is the remainder when b is divided by t?
17
Suppose v - 75 - 14 = 0. What is the remainder when v is divided by (-220)/(-22)*1*3?
29
Suppose -3*j = -0*j - 51. Let z(l) = -13 - 82*l**2 + 107*l**2 + l**3 + 21*l - 11. What is the remainder when z(-24) is divided by j?
14
Let u(f) be the second derivative of -f**4/12 - 10*f**3/3 + f**2/2 + 4*f. Let c be u(-20). Let k = 4 - c. Calculate the remainder when 10 is divided by k.
1
Let w(s) = s**3 - 10*s**2 - 17*s - 17. Calculate the remainder when w(12) is divided by 32.
3
Suppose -5*b - 236 - 611 = -2*y, -4*b = -2*y + 848. Suppose 4*u - 3114 + y = 0. What is the remainder when (u/(-60))/(4/(-10)) is divided by 16?
12
Suppose -12*i = -3794 - 14410. What is the remainder when i is divided by 76?
73
Let x = 1 + 16. Let s(a) = -a**3 - 6*a**2 - 12*a - 4. Calculate the remainder when s(-5) is divided by x.
14
Let m = 140 - 59. Suppose -m + 71 = -x. Suppose 5*p + 18 = y + y, 3*y - p - 53 = 0. What is the remainder when y is divided by x?
9
Suppose 0 = c - 215*j + 218*j + 10, -4*c = j - 15. What is the remainder when 1 + 2/(-1) + 13 is divided by c?
2
Suppose 5*w + 30 - 5 = 0, 0 = -4*j - 3*w + 1061. Calculate the remainder when j is divided by 27.
26
Suppose -4*j + j - 9756 = 0. Suppose 17 = d - o, 5*o - 9 + 66 = 3*d. What is the remainder when j/(-42) + (-6)/d is divided by 16?
13
Suppose 4*l - 1697 - 219 = 0. Suppose 0*i + 3*i - 273 = -3*z, i + l = 5*z. Suppose 4*c = -c + z. Calculate the remainder when c is divided by 4.
3
Let o be 260/(-6)*240/(-50). Calculate the remainder when 18 is divided by 2/13 + 800/o.
2
Let w(h) = -6*h. Suppose -15 = -7*u + 83. Suppose -4 = -2*b + u. What is the remainder when b is divided by w(-1)?
3
Let p(m) = m**2 - 9*m - 4. Let l(k) = -k**3 + 8*k**2. Let z be l(8). Suppose z = -6*y + 212 - 8. Calculate the remainder when y is divided by p(10).
4
Let j = -862 + 869. Let l = -2 - -12. Let u = l + j. Calculate the remainder when u is divided by 10.
7
Suppose 9*s - 114 = -3*p + 6*s, 3*p + 2*s - 112 = 0. What is the remainder when p is divided by 8?
4
Let d = 31 - -40. Let j = 31 + -19. Calculate the remainder when d is divided by j.
11
Suppose 3*m = -4*m + 14. Suppose h = m*k - 2*h - 12, 3*k = 4*h + 18. What is the remainder when ((-60)/8)/(k/(-8)) is divided by 4?
2
Let t(b) = b**3 - 14*b**2 - 15*b. Let r be t(15). Suppose -5*q = 2*o - 67, -2*o - 3*q + 70 - 13 = r. Calculate the remainder when 53 is divided by o.
11
Let v(h) = -h**3 + 28*h**2 - 30*h + 94. Calculate the remainder when v(27) is divided by 5.
3
Suppose -10*b + 210 = -4*b. What is the remainder when 67 is divided by b?
32
Suppose -5*p + n + 250 = 0, 39 = 4*p - n - 162. What is the remainder when 195 is divided by p?
48
Suppose 3*g - 4*r = 475, 3*r + 66 = g - 99. Calculate the remainder when g is divided by 54.
45
Let t = 32 - 47. Let z be (t - -16)/(2/4). Suppose z*k = 7*k - 30. Calculate the remainder when 9 is divided by k.
3
Suppose 0 = -p - 0*p - n + 34, 182 = 5*p + n. Calculate the remainder when 140 is divided by p.
29
Let s(d) = -24*d - 3. Let r(q) = q**2 + 92*q + 313. What is the remainder when r(-90) is divided by s(-2)?
43
Suppose -24*q + 13*q = -176. Calculate the remainder when 40 is divided by q.
8
Suppose 240*s - 234*s - 462 = 0. What is the remainder when 151 is divided by s?
74
What is the remainder when 48/108 + 591*8/54 is divided by 43?
2
Let x(v) = 14*v - 1. Let h be (-16)/6*(-708)/8. Let l = h - 212. Calculate the remainder when x(5) is divided by l.
21
Suppose 1 = 3*b - 35. Suppose 4*u - 137 = 615. Suppose -t - 182 = -4*s, -s + 4*t + u = 3*s. What is the remainder when s is divided by b?
9
Suppose 2*u + 4*m = m - 7, -4*u + 4*m - 4 = 0. What is the remainder when 62 is divided by 721/56 - u/16?
10
Let i(w) = 8*w - 23. Let b(j) = 2*j**2 - 2*j - 2. Let t be b(2). Let d = 4 + t. Calculate the remainder when i(5) is divided by d.
5
Let k = -1351 + 1492. Suppose 0 = z - 2*z + 16. What is the remainder when k is divided by z?
13
Suppose -q - 3*q - 5*k = 67, 2*k + 45 = -3*q. Let r = 28 + q. Suppose 0 = -0*l - l + 27. What is the remainder when l is divided by r?
12
Suppose 5*b = r - 4 + 17, -2*b - 2 = -4*r. Suppose r*v + 2*v - 2*i - 216 = 0, -2*i + 120 = 2*v. Calculate the remainder when v is divided by 16.
8
Suppose -2*x + 2*r = -35 - 13, r - 72 = -3*x. Suppose p - 2*q = 2*q + x, -2*q + 8 = 2*p. Calculate the remainder when 29 is divided by p.
5
Let u(z) = -7*z - z + 5*z. Let s be u(5). Let t = 27 + s. What is the remainder when 47 is divided by t?
11
Suppose -128 = -3*u + 4. What is the remainder when u/154 + 684/7 is divided by 25?
23
Let g = 89 + 12. Suppose -8*t + 211 = 107. What is the remainder when g is divided by t?
10
Suppose 2*m - 916 = 3*f, -5*f - 916 = -63*m + 61*m. Calculate the remainder when m is divided by 29.
23
Suppose -6*i + 2349 = 21*i. Calculate the remainder when i is divided by 43.
1
Let s(f) = -2*f + 4. Let w(h) = h**2 - 10*h + 16. Let m be w(7). Calculate the remainder when 2/12 - (1100/(-24) + m) is divided by s(-7).
15
Calculate the remainder when (-113)/(-3) - (-1)/3 is divided by 13.
12
Suppose -2*f - 36 = -w - 0*f, f - 147 = -5*w. Suppose -3*d + 126 = 3*z, -2*z + w = -z - 5*d. What is the remainder when z is divided by 15?
10
Let x(z) = -2*z + 9. Let h = -7 - -10. Let g = h + -12. What is the remainder when 52 is divided by x(g)?
25
Suppose 4*m - 236 = 2*n, -10*m = -13*m - 4*n + 188. What is the remainder when m is divided by 33?
27
Let z(u) = 20*u**2 + 181*u + 20. What is the remainder when 12 is divided by z(-9)?
1
Suppose 0 = -3*p + 10*p - 210. Calculate the remainder when (-210)/(-25)